= -3*w - j*f + v. What is the tens digit of w?
1
Suppose -t = 4, -5*s + s - 4*t + 188 = 0. What is the tens digit of s?
5
Let s(b) = 2*b + 8. Let c(n) = 3*n + 17. Let f(r) = -2*c(r) + 5*s(r). What is the tens digit of f(5)?
2
Let k be (-3 + 5)/(0 + 1). Suppose u - k = -1. What is the units digit of u?
1
Let c be ((-16)/(-2))/(1 + 1). Suppose -r + 48 = 4*v, 0 = -c*v - 4*r + 48 + 12. What is the tens digit of v?
1
Let l(c) = 19*c + 1. Let x be (-2 - -1) + -2 - -4. What is the units digit of l(x)?
0
Let t(i) be the second derivative of i**5/20 + 11*i**4/12 - i**2 + i. Let o be t(-11). What is the units digit of (-7 - -5)/(o - -1)?
2
Let f(n) = n - 9. Suppose -2*q + 26 = q + 2*k, 2*k + 4 = 0. What is the units digit of f(q)?
1
Suppose 0 = 2*d - 0*d + 2*z - 10, 0 = -2*d + z + 4. What is the units digit of (2 - -1) + d + -3?
3
Let j(g) = g + 5. Let l be j(-6). What is the units digit of (l - 3)/(-1 + 0)?
4
Let h be (-6)/(-21) - (-6)/(-21). Suppose -2*u + 2*f = -22, u + u - 5*f - 25 = h. What is the units digit of u?
0
Let i(w) = 2*w + 4. Let l be i(-6). Let o = 9 + l. What is the units digit of o?
1
Suppose 388 = 4*z - 344. What is the hundreds digit of z?
1
Let a be (1/(-4))/(1/(-4)). Let n be ((-2)/(a - 0))/2. What is the units digit of n*2/1 - -13?
1
Let p(w) = w**3 - 3*w**2 - w + 2. Let y be p(3). What is the tens digit of y - ((-8 - 3) + -3)?
1
Let z = 8 + -6. What is the units digit of (-68)/(-8) + (-3)/z?
7
Let i(s) = 3*s**2 - 4*s**2 + 2*s**2 + 4 - 8*s. Let p be i(8). Suppose -f - 5 = -4*c, 2 = p*f - 5*c - 0. What is the units digit of f?
3
Let k(f) = f**3 + 7*f**2 + 2*f - 7. Let c be k(-6). Let s = c + -4. What is the tens digit of s?
1
Suppose 5*z - 25 = -0*z. Let y be 6/15 - (-48)/z. Suppose -s - y = -q, -s - 10 = -q + 3*s. What is the units digit of q?
0
Suppose 20 = -0*l + 2*l - 4*o, 25 = 4*l - 3*o. Suppose 4*b - 20 = -l. Suppose -y + b*y = 12. What is the units digit of y?
4
Suppose -2*b = b - 18. Suppose -3*s + 6 = -b. Suppose -s*n + 44 = -0*n. What is the units digit of n?
1
What is the units digit of (-2)/1 - (-556)/4?
7
Suppose -3*z - 2*r = -5*z + 680, 0 = -4*z - 3*r + 1374. What is the tens digit of z?
4
Suppose -4*t + p = 2, -4*t - 2*p + 4 = -2*t. Suppose -5 = 2*l - 3*a, 0 = -2*l + a + 5 - t. What is the units digit of l?
5
Let r = 21 - 17. Let i(c) be the third derivative of c**4/24 + c**3/6 - c**2. What is the units digit of i(r)?
5
Let b(g) = g + 11. Let o be b(-6). Suppose -t = s - 15, 24 = o*t - 4*s - 24. What is the units digit of t?
2
Let n(a) = 3*a**3 - 7*a**2 - 3*a - 7. Let b(u) = -4*u**3 + 6*u**2 + 4*u + 7. Let q(v) = -2*b(v) - 3*n(v). What is the tens digit of q(9)?
1
Suppose -170 = -4*d + d - c, 3*d - 185 = -4*c. What is the tens digit of d?
5
Let r(h) = 2*h**2 - 8*h - 4. What is the units digit of r(7)?
8
Let w = 92 + 79. What is the hundreds digit of w?
1
Let s be (-4)/(-1 + -1)*-2. Let r be (5 + 3)*(-2)/s. Suppose -3*i = -4*o + 10 + 17, -r*o - 3*i = -21. What is the units digit of o?
6
Let d(n) = -n**2 + n - 20. Let k be d(0). Let z = -14 - k. What is the units digit of z?
6
Suppose -3*v + 10 = 4*b - 3*b, 4*v - 5*b + 12 = 0. What is the units digit of v?
2
What is the tens digit of 14 - 2*(-6)/(-12)?
1
Let s = 297 - 149. What is the hundreds digit of s?
1
Let o(v) = v**2 - 17*v - 6. Let t be o(12). Let r = t - -97. What is the units digit of r?
1
Let b = 446 - 315. What is the units digit of b?
1
Let u be (-74)/(-3)*(-6)/(-2). Let s be u/(-4) + 4/(-8). Let c = s - -29. What is the tens digit of c?
1
Let z(l) = 2*l. Suppose 0 = t - 3*k + 7, -5*k - 5 = 5*t - 30. What is the units digit of z(t)?
4
Let m = 7 - -3. What is the tens digit of m/1 - (2 - 2)?
1
Suppose 0 = 4*z - 4*f - 1032, 2*f = -f - 6. What is the units digit of z?
6
Suppose 4*h - 55 = -2*w - 17, -h + 12 = -2*w. Suppose -3*u + 8 + h = 0. Suppose -u*n + 2*n = -36. What is the units digit of n?
9
Suppose -5*u = -1 - 4. Let q = u - -21. What is the tens digit of q?
2
Let h(o) = -o**2 - 6*o - 6. Let g be h(-4). Suppose -l = -1 + g. What is the units digit of (3/(-1))/(l/4)?
2
Let o(d) = -d + 10. Let q be o(5). Suppose 5*z = -q*h + 44 + 116, 63 = 2*z + h. What is the tens digit of z?
3
Let v(b) = -b - 1. Let f(d) = -d**2 - 5*d - 3. Let l be f(-6). Let a be v(l). Suppose -3*u = -5*t + a, t - 12 = -u - u. What is the units digit of u?
4
What is the tens digit of 71/1 + (-8 - -7)?
7
Suppose 5*n - n - 4 = 0. Let l(i) = -i**3 + 7*i**2 + 8*i + 2. Let z be l(8). Let u = z + n. What is the units digit of u?
3
Let z = -57 - -99. What is the units digit of z?
2
Let k = 23 - 19. Suppose 0*t + k*t - 156 = 0. What is the tens digit of t?
3
Suppose -5*h = -10, u + 2*h = -0*u + 6. Suppose -u*c - 4*r = -r + 7, 5*c - r - 25 = 0. Suppose 3*d - 2 = 3*g - 2*g, c*g - 4 = 0. What is the units digit of d?
1
Suppose -190 = 2*s - 4*s. Suppose 0 = -3*k - 2*k + s. What is the tens digit of k?
1
Let h(n) = 5*n - 17. What is the units digit of h(7)?
8
Let r = -18 + 1. Let b = -12 - r. What is the units digit of b?
5
Suppose 4*i = -48 + 428. Suppose 6*y - i = y. What is the units digit of y?
9
Let a(r) be the first derivative of r**4/4 + r**3 + 2*r - 2. Let q be a(-3). Suppose 1 = -q*y + 5. What is the units digit of y?
2
Let k(l) = 2*l**2 - 3*l**2 - 4 + 0*l**2 - 8*l. Let f be k(-7). What is the units digit of (-53)/(-5) + f/(-5)?
0
Suppose 36*v - 4901 = 23*v. What is the units digit of v?
7
What is the tens digit of 36 - 2/6*3?
3
Suppose r - 255 = -4*r. Suppose -2*y = y - r. What is the units digit of y?
7
Let k(z) = 53*z - 21. Let p(j) = -35*j + 14. Let s(x) = 5*k(x) + 7*p(x). What is the tens digit of s(2)?
3
Suppose 0*i + 3*i = 81. Suppose 2*n + 10 = 4*c - 24, 0 = -2*c - n + i. What is the tens digit of c?
1
Let c = 39 - 9. Suppose 0 = 2*d - d - 4*k, -5*k + 15 = 0. Let w = c - d. What is the units digit of w?
8
Let c(m) = -m**3 - 15*m**2 - 14*m + 6. Let v be (49/14)/((-2)/8). What is the units digit of c(v)?
6
Suppose -5*p + 3*o = -3, 7 = p - 0*o + o. Suppose 0 = 2*t + 4*b - 74, 2*b + 86 = p*t + 3*b. What is the units digit of t?
7
Let n(q) = q + 7. Let d be n(-4). Suppose 5*y = -v + 39, -d*y - 36 = -8*y - 4*v. What is the units digit of y?
8
Let l = -1 + 8. What is the units digit of l?
7
Suppose 0 = -2*q - 2*b + 10, 5*q + 17 + 8 = 5*b. What is the units digit of -1 + (3 - 1) - q?
1
Let w(z) = -z**3 + 5*z**2 - 2*z - 3. Let h be w(4). Suppose h*t - 16 = 9. What is the units digit of t?
5
Suppose 198 + 354 = 4*g. What is the hundreds digit of g?
1
Let q(w) = -2*w + 48. What is the tens digit of q(0)?
4
Suppose 3*y + 4 = y. Let i be -1*1 + (-122)/(-2). What is the units digit of y/(-2 - i/(-33))?
1
Suppose d + 0*d - 4 = 0. Suppose 30 = j - d. What is the units digit of j?
4
Let r = -21 + 48. What is the tens digit of r?
2
What is the tens digit of 2/8 - 753/24*-2?
6
What is the units digit of 3 + (2 + -4 - -18)?
9
Let t(x) = 11*x**3 + x**2 + 6*x - 5. What is the units digit of t(2)?
9
Let y(b) = -2*b - 2. What is the units digit of y(-5)?
8
Let s be 0*(-5 + 2)/(-6). Suppose 2*p + 0*p + 28 = s. Let r = -6 - p. What is the units digit of r?
8
Let d(j) be the first derivative of 3*j**2 - 3. Let s be d(3). Let h = -13 + s. What is the units digit of h?
5
Let v = 8 - 3. Suppose -v*p + 10 = -3*p. Suppose 2*w + a = 12, 4*w + a - 17 = p. What is the units digit of w?
5
Suppose 10*d = 12*d - 336. What is the units digit of d?
8
Let a = 4 + -2. Suppose 6 = g - a. Suppose 4*k - g*k + 48 = 0. What is the units digit of k?
2
What is the tens digit of (-3)/3 + (56 - 3)?
5
Let k = 30 + -17. What is the tens digit of k?
1
Let y(v) = -12*v - 1. Suppose 0 = -3*n - 5 - 1. What is the units digit of y(n)?
3
Suppose 0 = -w + 1, 5*b + 3*w = 2*w + 631. Suppose -3*a - 9 = -b. What is the units digit of a?
9
Suppose -5*a + a = 20, 191 = 2*x + 3*a. What is the units digit of x?
3
Let v(w) = -6*w - 1. Let k be v(-2). Let p = 18 - k. Suppose -15 = 2*c - p*c. What is the units digit of c?
3
Let l = 45 + 27. What is the tens digit of l?
7
Let k be (10/(-4))/((-1)/2). Suppose -k*l + 110 = -0*l. What is the tens digit of l?
2
Let j = 87 + -50. What is the units digit of j?
7
Let m = -78 + 161. What is the tens digit of m?
8
Suppose 3*j - 184 + 5 = 5*w, 4*w = -j + 88. What is the units digit of j?
8
Suppose -5*m = 0